 be z(8). Let l be (28/m + 1)*108. Suppose f = -r + 150, -4*r = 5*f + l - 1231. Is f composite?
True
Suppose 434*f - 447*f + 141479 = 0. Is f a prime number?
True
Let b(c) = 12*c - 3. Let t be b(4). Let a be (-10)/t - (-114)/27. Suppose a*k - 1300 = -264. Is k prime?
False
Let c(z) = 2*z**2 + 31*z + 1. Is c(26) composite?
True
Let t be (-1)/(8244/(-41295) - 1/(-5)). Let v = 5530 + t. Is v a composite number?
False
Suppose -h - h = -3*f - 383, 6*h - 1179 = 3*f. Is h composite?
False
Let z(p) = 668*p**3 - 2*p**2 + 7*p - 5. Is z(2) a prime number?
False
Is (1/(-6)*699)/((-2)/164) a composite number?
True
Let m be (-1)/(2/6) + 3. Let p = -2 + m. Let b(x) = -29*x + 1. Is b(p) prime?
True
Let p be 6/(-16)*-2*(1 - -1283). Let q = p - 192. Is q prime?
False
Suppose 4*o - 3*o - 16 = 0. Let n be (-799)/4 + 12/o. Let i = n - -330. Is i a composite number?
False
Is 75459/2*(-17)/((-102)/4) prime?
True
Let b = 150 - -417. Let i = -3 - -7. Suppose 2*m + b = 5*z, 0*z + i*z = 3*m + 448. Is z composite?
True
Suppose 2*x = 6*x + 16. Let p be (15/9)/(x/(-696)). Let r = p - 207. Is r a composite number?
False
Let x(h) = 6*h + 2. Let g be x(3). Let k(s) = g*s - 2 + 0 + 0. Is k(2) prime?
False
Let k = -123 - -1451. Suppose -l + 1006 = 3*n, -4*l = 7*n - 3*n - k. Is n a composite number?
False
Suppose 3*q + 0*q = 0, 5*t = -2*q + 50. Let y be (-12 - 13)*(-668)/t. Suppose -n + y = n + 2*s, -5*s = 0. Is n composite?
True
Suppose q + 3*q + 2*a = 5460, -3*a - 12 = 0. Suppose 312 = -d + q. Is d a prime number?
False
Let d(n) = 173*n**3 - n**2 - 13*n + 37. Is d(6) composite?
True
Let w(m) = 0*m**2 + 7 - 4 - 2*m + 0*m**2 + 7*m**3. Is w(2) prime?
False
Let t = 5866 - 3663. Suppose -3*l + t + 756 = q, 5918 = 2*q + 4*l. Is q composite?
True
Let r = 60 - 239. Let s be 7/(-10)*8/14*-2015. Let t = s - r. Is t a prime number?
False
Let d = 37 + -42. Let b(c) = -54*c - 16. Is b(d) a prime number?
False
Is (155/(-25) - -12)/(2/230) a prime number?
False
Let q = 111 - 107. Suppose -3*i - q*g = -6481, 5*g = 9 - 4. Is i a composite number?
True
Let u = -3028 + 2117. Is (1 + -2)*u + -4 a composite number?
False
Suppose 4*w = -3*n - 8, 0 = 4*n + 2*w + 20 + 4. Is (2174/n)/((-7)/28) composite?
False
Let b = 2246 + -1316. Let d = b + -609. Is d a prime number?
False
Suppose 6*k - 10 = 8. Suppose 8 = -k*z + 4*z. Suppose z*o - 6*o = 790. Is o composite?
True
Let o = -2 - -8. Suppose o = -3*t + 2*t. Is 2*1*(-33)/t a composite number?
False
Let a(j) = 920*j + 103. Is a(6) prime?
True
Let s be 4604/16 - (-5)/20. Let y = s + 731. Is y a composite number?
False
Let l(k) = -19*k - 27. Let x be l(-15). Suppose i - 5*d + 42 = x, -3*i + 4*d = -659. Is i prime?
False
Let s(x) = -4*x**3 - x. Let r be s(-1). Suppose -r*c - 910 = -2*d - 0*d, 441 = d + c. Is d a prime number?
False
Let a(p) = -90*p + 373. Is a(-49) composite?
False
Suppose -3*o + 3*m = 4*m + 3, 3*o + 9 = -3*m. Suppose y + u - 16 = -o*u, 68 = 3*y - 2*u. Is (-2 + -2)*(-845)/y a composite number?
True
Let k(v) = -v**3 + 6*v**2 - v + 6. Suppose 11 = 3*j - 7. Let h be k(j). Suppose h = -5*w + 910 + 25. Is w composite?
True
Suppose -4*k + 15*k = 55. Suppose k*n - 15200 = 5*t, 2*t + 11 = 1. Is n a prime number?
False
Suppose -18 = 3*s + 3*w, 0*s + 2*w = 4*s + 24. Is ((-1916)/(-6))/((-4)/s) prime?
True
Suppose 0 = -208*h + 198*h + 221410. Is h a prime number?
False
Let c = -247165 + 436794. Is c composite?
True
Suppose -2*s = -4*s + 18. Let t be (-1624)/(-18) - 2/s. Is t/(-3)*3/(-9) a composite number?
True
Let n be 2 + -2 + 1 + 1. Suppose 5*c = -0*c + 3*t + 815, 0 = n*t - 10. Let q = 315 - c. Is q composite?
False
Suppose -2*g + 1734 = 4*w, 103*g - 99*g - 882 = -2*w. Is w prime?
True
Is 84039 - (-7 + (10 - -5)) a composite number?
True
Let j(d) = 4*d**3 - d**2 + 5*d - 1. Suppose -4*y + 4 = -4. Suppose -6 + y = -v. Is j(v) a composite number?
True
Suppose 46 = a - 5*r - 246, -a = -r - 276. Suppose -2*m - 48 = -a. Suppose 0 = 4*o - 12, -t = t + 2*o - m. Is t a prime number?
True
Is 148/(-259) + (-70431)/(-7) prime?
True
Let c be (-84)/(-20)*(1 + -6). Let r = -17 - c. Is r + -3 - -213 - 3 prime?
True
Suppose 0*f - 9146 = -2*f. Suppose -2*q + 607 + f = 0. Suppose 2*h - d = -2*h + q, -h - 4*d = -639. Is h prime?
True
Suppose 4*v = -20, -z = z - 5*v - 35. Let o(q) = 3*q - 3. Let f be o(z). Let m(i) = i**3 - 10*i**2 - 7*i + 1. Is m(f) a composite number?
True
Let l(w) = -363 + 3*w**3 - 4*w**3 - 7*w**2 + 370 - 5*w. Let r be l(-6). Is (-32)/(-8) - (-111)/r composite?
True
Let l(d) = 31*d**3 - 4*d**2 - 31*d + 137. Is l(6) a composite number?
True
Let r = 1255 + -702. Is r a composite number?
True
Let y = 6 + 0. Let n be y*(0 - (-4)/(-8)). Is -7 + 5 - 969/n prime?
False
Is (1349552/(-8))/(-2) - (5 + -5) composite?
False
Is (4376160/(-78))/(-4) + 14/(-91) a prime number?
False
Suppose 2 = p + 5*c + 1, 0 = 5*p - 2*c - 5. Is 5060/24 + p/6 a prime number?
True
Suppose 0 = -3*t + o + 5136, -5*t + 3*o - 2257 + 10821 = 0. Is t a prime number?
False
Let k be (4 - (-8)/(-4))/(1 + 0). Suppose -327 = -k*z - z. Is z prime?
True
Suppose 35*c + 2*c - 3174415 = 0. Is c prime?
False
Let u = 5572 - 9473. Let r = -2174 - u. Is r a composite number?
True
Let t(u) = 252*u**2 + 0 + 0 - 1 + 2. Let s(d) = d**3 + 4*d**2 + 2*d - 4. Let x be s(-3). Is t(x) a prime number?
False
Let w = -583 + 890. Let h = 573 - w. Suppose 0*b - 5*v = b - h, 3*b + v - 812 = 0. Is b a prime number?
True
Let q be 129/4 - (-4)/(-16). Suppose 2 = 3*s + q. Let t(i) = i**3 + 11*i**2 + 6*i - 3. Is t(s) a prime number?
True
Let n(q) be the first derivative of -4 + 7*q - 5/3*q**3 - 3/2*q**2 - 1/4*q**4. Is n(-5) a prime number?
False
Let q be ((-9)/12)/(1*(-1)/4). Suppose 6 = q*m, m + 27 = 2*o - 1469. Is o a prime number?
False
Let i(b) = -15*b**2 - 14*b - 12. Let p(q) = 7*q**2 + 7*q + 6. Let o(m) = 2*i(m) + 5*p(m). Is o(-4) prime?
False
Let c = 54 + -57. Is -5*(-3)/5*(-2237)/c a prime number?
True
Suppose -15 = -0*j - 3*j. Let d = -5 - -5. Suppose -g = 5*o + 3*g - 423, d = -j*o - g + 417. Is o a prime number?
True
Let w(i) = 46*i + 26. Suppose -15 = -v - 3. Let t be w(v). Suppose 0 = -4*k + t + 314. Is k a prime number?
True
Suppose -c - u - 4*u = 164, -2*u = -4*c - 656. Suppose 2*p = y + 633, -2*y = p - 379 + 50. Let j = c + p. Is j a prime number?
False
Let w = 791 + -736. Is w a prime number?
False
Suppose 2*x + 2*v = -1816, 4*x + x = -3*v - 4542. Let d = x - -2539. Suppose 4*f = 6*f - d. Is f a composite number?
True
Let w(o) = 3*o**3 - 3*o**2 - 9*o + 8. Let r(x) = 3*x**3 - 2*x**2 - 8*x + 7. Let m(q) = 5*r(q) - 4*w(q). Is m(4) a composite number?
False
Suppose 4*d + 3*b = 9920, -3*d + 2*d - 4*b = -2493. Is d composite?
False
Is (-4 + 8)*21 - -3 composite?
True
Let v = -60 - -69. Suppose -v*s = -14*s + 31055. Is s a composite number?
False
Let h(c) = -c**2 - 2*c + 3. Let t be h(-3). Suppose -3*l = q + 36, 3*l + 204 = -5*q - t*l. Is (28714/q)/(2/(-6)) composite?
True
Let s = 124 - 178. Let h = 181 + s. Is h a composite number?
False
Suppose -119102 + 378332 = 6*d. Is d composite?
True
Let j = -40 + 44. Suppose -3*c + 5429 = j*f, -4*f + 2*c = -5601 + 147. Is f composite?
False
Let g = 846 - 289. Suppose 5*l + 4*a - 1688 - g = 0, 4*a = -4*l + 1796. Is l prime?
True
Suppose 3*v - 4278 = -3*m, 3*v = -m - m + 2857. Let b = 4624 - m. Is b a prime number?
True
Suppose -3*a - 2*o + 5494 = -3369, 0 = -3*a + o + 8857. Is a prime?
True
Let k be (-3)/(-4) + (-165)/(-20). Let p be ((-6)/(-4))/(k/24). Suppose p*i - 3*x - 317 = 0, 5*i - 376 = -x - 2*x. Is i a composite number?
True
Let i(q) = -q**3 + 26*q**2 + 8*q + 19. Let j = 137 - 123. Is i(j) prime?
False
Let d = 916 - -4041. Is d a composite number?
False
Let y(p) = 6*p - 4*p**2 + 8*p**2 + 2*p**2 + 9 + 4*p**2. Let d be 2*(-5)/2 + 1. Is y(d) prime?
False
Let m(d) = 4*d - 25. Let a be m(10). Suppose 0 = 4*w + 5*x + 4 - a, x = -1. Suppose -2*p + 5*p - 4*j = 2349, 0 = -p - w*j + 799. Is p a prime number?
True
Let g(c) = 754*c**3 + 3*c**2 + c - 3. Is g(2) prime?
True
Suppose 2*f + 4*x - 636 = 1078, -4249 = -5*f + 2*x. Is f a prime number?
False
Let b(h) be the third derivative of -7*h**6/120 - h**5/120 + 5*h**4/24 + h**2. Let x(c) be the second derivative of b(c). Is x(-2) a prime number?
True
Suppose -3*i = -8*i + 20. Let m(x) = -2*x - 2 - 8*x**2 - i*x**3 + 0*x**2 - 